Determine l(6).
416
Let j(w) = -855*w - 96609. What is j(-113)?
6
Let o(n) = 23*n**2 - 6*n + 7. Calculate o(1).
24
Let f(z) = -2*z**2 + 3*z + 1. Give f(4).
-19
Let m(x) = x**3 + 18*x**2 + 23*x - 31. Give m(-10).
539
Let c(n) = 13*n**2 + 54*n + 5. Calculate c(-4).
-3
Let f(b) = -7*b**2 + 6*b + 2354. Calculate f(-18).
-22
Let o(w) = 45*w + 458. What is o(-10)?
8
Let w(r) = -245*r + 5666. What is w(23)?
31
Let v(x) = 354*x + 704. What is v(-2)?
-4
Let n(k) = -6*k**3 + 4*k**2 - 18*k + 30. What is n(2)?
-38
Let u(x) = 218*x + 17435. Determine u(-80).
-5
Let i(k) = -316*k - 3097. Give i(-10).
63
Let x(o) = -22*o**2 - 46*o - 10. Give x(-7).
-766
Let h(u) = u**3 + 51*u**2 + 310*u + 71. What is h(-44)?
-17
Let t(c) = 8*c - 319. Determine t(16).
-191
Let u(v) = 27*v - 88. Determine u(-4).
-196
Let p(a) = 33*a + 826. Give p(-24).
34
Let l(w) = w**3 + 16*w**2 + 30*w - 34. Calculate l(-14).
-62
Let m(k) = 23*k**2 - 48*k - 47. Calculate m(-1).
24
Let o(t) = t**2 - 119*t + 693. Determine o(6).
15
Let c(f) = -f**3 - 43*f**2 - 3*f - 145. What is c(-43)?
-16
Let o(s) = -s**3 + 11*s**2 + 36. Give o(12).
-108
Let x(z) = -z**3 - 6*z**2 + 55*z + 118. Give x(-2).
-8
Let n(k) = 3*k**2 + 12*k - 119. What is n(-8)?
-23
Let a(c) = c**3 + 25*c**2 + 44*c - 41. Determine a(-23).
5
Let n(q) = -q**3 + 30*q**2 + 10*q + 51. Calculate n(0).
51
Let y(w) = -w**3 + 3*w**2 + 178*w - 18. Give y(-12).
6
Let x(k) = -k**3 - 20*k**2 + 3*k + 30. Give x(-20).
-30
Let n(l) = 773*l + 4596. Determine n(-6).
-42
Let w(z) = -z**2 + 84*z + 700. What is w(92)?
-36
Let q(c) = c**3 + 9*c**2 + 24*c - 6. Give q(-5).
-26
Let a(d) = 1390*d + 5712. Determine a(-4).
152
Let v(q) = -q**3 + 10*q**2 + 10*q - 44. Calculate v(10).
56
Let t(k) = k**3 - 33*k**2 + 268*k - 41. Determine t(14).
-13
Let v(g) = 13*g + 48. Give v(-14).
-134
Let z(h) = 40*h**3 + 481*h**2 + 14*h + 21. Calculate z(-12).
-3
Let j(g) = g**3 + 24*g**2 + 217*g + 859. Give j(-12).
-17
Let f(a) = 366*a + 3367. Determine f(-9).
73
Let w(x) = -x**3 - 5*x**2 - 31*x - 233. Give w(-6).
-11
Let s(z) = 37*z + 865. Determine s(-25).
-60
Let g(d) = 7*d**2 + 64*d + 58. Calculate g(-10).
118
Let i(u) = -17*u - 480. Determine i(-29).
13
Let n(m) = -m**3 + 14*m**2 - 52*m + 13. Give n(6).
-11
Let t(v) = v**3 + 26*v**2 - 27*v - 704. Determine t(-26).
-2
Let m(w) = -w**3 - 15*w - 4. What is m(-5)?
196
Let s(n) = n**2 - 108*n + 182. Calculate s(107).
75
Let k(g) = 3*g**2 + 24*g + 148. What is k(-7)?
127
Let j(z) = -30*z**2 - 50*z - 217. What is j(-4)?
-497
Let c(n) = 3*n**3 + 165*n**2 + 29*n + 1588. What is c(-55)?
-7
Let z(l) = -128*l - 3210. Determine z(-25).
-10
Let q(o) = o**3 + 28*o**2 + 78*o + 99. Determine q(-25).
24
Let j(s) = 565*s - 4004. What is j(7)?
-49
Let r(i) = -2*i**3 - 16*i**2 - 8*i - 48. Calculate r(-8).
16
Let t(h) = 36*h + 227. Calculate t(-3).
119
Let s(h) = -749*h - 5255. Give s(-7).
-12
Let m(y) = -411*y + 5387. Determine m(13).
44
Let x(c) = 3*c**3 + 2*c**2 + 368*c - 8. What is x(0)?
-8
Let y(g) = 6*g**2 - 15*g + 14. What is y(-5)?
239
Let j(f) = f**3 - 50*f**2 + 58*f + 72. Determine j(49).
513
Let a(i) = 22*i**3 - 8*i + 9. Give a(1).
23
Let k(i) = 3*i**2 - 2*i - 32. What is k(-3)?
1
Let s(d) = -d**3 - d**2 - 5*d - 20. Calculate s(0).
-20
Let d(l) = -22*l**2 + 163*l - 765. What is d(5)?
-500
Let v(p) = p**3 - 2*p**2 - 39*p + 35. Give v(7).
7
Let y(s) = -s**2 - 13*s + 23. What is y(-18)?
-67
Let p(f) = 3*f**3 + 97*f**2 + 33*f + 29. Give p(-32).
-3
Let l(x) = -18*x**2 - 965*x - 117. What is l(-53)?
466
Let s(m) = 5*m**2 + 64*m + 43. Give s(-12).
-5
Let g(m) = -m**3 - 37*m**2 - 39*m - 118. Calculate g(-36).
-10
Let a(c) = -c**3 + 15*c**2 + c + 247. Calculate a(16).
7
Let y(n) = 2*n**2 - 70*n + 428. What is y(6)?
80
Let m(g) = 22*g + 998. Determine m(-45).
8
Let r(z) = 8*z - 196. Calculate r(31).
52
Let r(m) = -63*m - 6863. Determine r(-109).
4
Let u(p) = p**3 - 13*p**2 - 43*p + 5. Determine u(-3).
-10
Let x(u) = -189*u**2 + 1510*u + 6. Determine x(8).
-10
Let d(j) = 3*j**2 + 25*j + 25. Determine d(-10).
75
Let z(i) = 4*i**3 - 234*i**2 - 120*i + 107. Give z(59).
-11
Let c(i) = -2*i**3 - 102*i**2 - 107*i - 345. Calculate c(-50).
5
Let b(j) = -j**3 - 100*j**2 - 282*j - 4. Give b(-3).
-31
Let p(i) = 306*i + 837. What is p(-3)?
-81
Let k(z) = -7*z + 90. What is k(-5)?
125
Let b(a) = 35*a - 2809. Calculate b(81).
26
Let j(d) = d**3 - 4*d**2 - 80*d + 165. Calculate j(10).
-35
Let d(u) = -10*u - 205. What is d(14)?
-345
Let x(h) = 133*h + 12936. Determine x(-96).
168
Let b(o) = -11*o**2 + 47*o - 2. Give b(4).
10
Let n(y) = 3*y**2 + 65*y - 178. Determine n(-24).
-10
Let l(f) = -13*f - 190. What is l(-25)?
135
Let z(v) = 2*v**2 - 154*v - 2810. Give z(-15).
-50
Let v(y) = 24*y**3 + 142*y**2 - 12*y - 19. Determine v(-6).
-19
Let a(s) = -403*s + 3174. Calculate a(8).
-50
Let f(a) = 2*a**3 + 15*a**2 + 279*a + 1563. What is f(-6)?
-3
Let r(w) = -w**2 - 19*w + 2166. Determine r(38).
0
Let y(i) = -3014*i - 21110. Calculate y(-7).
-12
Let h(n) = n**3 - 9*n**2 - 50*n + 31. Calculate h(-4).
23
Let a(m) = 3671*m - 3695. Give a(1).
-24
Let j(b) = b**3 - 48*b**2 + 55*b - 208. Calculate j(47).
168
Let p(g) = g**3 + 44*g**2 - 6*g - 2128. Determine p(-43).
-21
Let j(s) = s**3 - s**2 - 5*s + 408. What is j(0)?
408
Let l(x) = -x**2 + 1378*x + 43682. Calculate l(-31).
3
Let w(b) = 4*b + 89. Calculate w(9).
125
Let m(d) = 103*d - 347. What is m(3)?
-38
Let v(x) = -2*x**3 + 9*x**2 + 6*x + 36. Determine v(8).
-364
Let w(c) = 11*c + 340. Give w(-36).
-56
Let o(l) = -3*l**3 - 63*l**2 + 71*l + 48. Determine o(-22).
-62
Let j(d) = d**3 + 2*d**2 - 28*d - 48. Determine j(-6).
-24
Let m(k) = k**3 + 40*k**2 - 41*k + 16. Determine m(-41).
16
Let f(o) = -o**2 - 62*o - 1060. Determine f(-30).
-100
Let p(o) = 28*o + 489. Give p(-9).
237
Let a(v) = 8*v**2 - 74*v + 25. Determine a(9).
7
Let g(z) = 114*z + 2047. What is g(-18)?
-5
Let d(c) = c**2 - 216*c + 10133. Calculate d(69).
-10
Let f(b) = 3*b**2 + 12*b - 170. Determine f(-10).
10
Let g(d) = d**2 - 146*d - 764. What is g(-5)?
-9
Let n(u) = u**2 + 165*u + 165. Calculate n(-1).
1
Let v(j) = -576*j - 3458. Determine v(-6).
-2
Let d(y) = -y**2 + 35*y - 290. What is d(22)?
-4
Let a(o) = -o**3 + 4*o**2 + 71*o - 45. Determine a(-7).
-3
Let h(s) = -25*s - 1062. Calculate h(-44).
38
Let v(r) = -r**3 - 18*r**2 - 42*r + 16. Give v(-15).
-29
Let x(l) = -23*l**2 + 268*l + 52. Calculate x(12).
-44
Let d(l) = -172*l - 1562. What is d(-9)?
-14
Let x(m) = m**2 + 47*m + 573. Calculate x(-24).
21
Let h(s) = 2*s**2 - 32*s - 38. Calculate h(16).
-38
Let r(g) = -34*g - 4517. Give r(-133).
5
Let q(j) = 68*j**3 + 2*j**2 - 1. Determine q(1).
69
Let o(c) = -5*c**3 - 14*c**2 - 33*c + 47. Give o(1).
-5
Let t(g) = -g**3 - 20*g**2 - 74*g - 1. Determine t(-15).
-16
Let b(j) = -j**2 + 99*j - 2422. Determine b(44).
-2
Let i(b) = 12*b - 61. Determine i(3).
-25
Let s(c) = 23*c + 238. Give s(-11).
-15
Let x(a) = -8*a**2 + 71*a - 137. Determine x(2).
-27
Let j(y) = 2*y**3 - 26*y**2 + 5*y - 88. Determine j(13).
-23
Let h(u) = 29*u + 4192. Determine h(-145).
-13
Let m(n) = 436*n + 587. Give m(-1).
151
Let d(a) = -19*a + 88. Give d(-11).
297
Let r(c) = 1722*c + 6822. What is r(-4)?
-66
Let f(l) = -27*l + 288. Calculate f(12).
-36
Let u(v) = 12*v**2 - 217*v - 221. Calculate u(19).
-12
Let x(a) = -2*a**2 + 446*a - 2. Determine x(223).
-2
Let r(b) = b**2 - 17*b - 22. What is r(15)?
-52
Let c(d) = -391*d + 14400. What is c(37)?
-67
Let i(p) = -152*p**2 - 27*p + 48. Give i(2).
-614
Let h(a) = -56*a - 48. Determine h(0).
-48
Let j(a) = -1481*a - 4434. Calculate j(-3).
9
Let g(h) = -9*h - 189. Calculate g(-7).
-126
Let l(r) = 21*r**3 + 62*r - 60. Determine l(1).
23
Let g(b) = -2*b - 283. Calculate g(6).
-295
Let q(b) = b**2 - 121*b - 6. Determine q(0).
-6
Let b(u) = 48*u + 3370. What is b(-71)?
-38
Let v(i) = -21*i - 476. Give v(-13).
-203
Let z(q) = q**3 + 82*q**2 + 1542*q + 219. Determine z(-29).
74
Let x(u) = -u**2 + 10*u + 67. Calculate x(17).
-52
Let t(z) = z**3 - 2*z**2 + 10. What is t(7)?
255
Let b(v) = -50*v + 7792. Determine b(156).
-8
Let p(c) = c**3 - 371*c**2 + 1458*c + 13. Give p(4).
-27
Let o(h) = 231*h - 2677. Give o(12).
95
Let a(t) = -t**3 - 18*t**2 + 38*t - 22. Calculate a(-20).
18
Let p(o) = 32*o - 590. Calculate p(13).
-174
Let c(n) = 64*n - 34. Det